- 5*b. What is the highest common divisor of o and v?
19
Let c = 64 - -563. Calculate the highest common divisor of c and 171.
57
Suppose 8*c + 8 = 32. Suppose 12 = t + t + 2*y, t = -c*y + 8. Let r be -20*(-2 + (-1 - -2)). What is the greatest common factor of r and t?
5
Suppose -89*x + 88*x + 78 = 0. What is the highest common divisor of 6 and x?
6
Suppose 0 = -12*a - 392 + 1652. Calculate the greatest common divisor of a and 21.
21
Suppose 2*k + 8 = 12. Suppose -3*l = -8*l - 2*m + 27, -2*l = -k*m - 22. Calculate the greatest common divisor of 28 and l.
7
Let t be (-56)/12*(-6)/(-4). Let p = -4 - t. Suppose 4*b + 8 = -2*m + 2*b, -28 = -p*m + 5*b. What is the greatest common factor of m and 6?
1
Suppose 1216*n = 1212*n + 272. What is the greatest common divisor of 153 and n?
17
Suppose 14*j = 35716 - 12056. Calculate the greatest common divisor of 13 and j.
13
Let v be (-1)/(-2)*(-8 + 16). Suppose 0 = v*g - 5*g + 3. Let w = g + 0. Calculate the highest common divisor of 24 and w.
3
Let y be (486/(-4))/((-2)/8). What is the greatest common divisor of y and 54?
54
Suppose 3*b - 25 = -a, 11*b - 5*a = 9*b + 45. Let n(z) = z**2 + 6*z - 2. Let t be n(-7). What is the greatest common divisor of t and b?
5
Let p be -8 - (1/(-1) - -1). Suppose 10*v = 56 - 16. Let i be (132/p)/((-1)/v). Calculate the greatest common divisor of 6 and i.
6
Let h = 467 + -410. What is the highest common divisor of 551 and h?
19
Suppose 2*l + 10*z - 13*z = 119, 3*l - 131 = -5*z. What is the greatest common divisor of 819 and l?
13
Suppose -5*p - 4*v + 25 = -154, v = 2*p - 69. What is the highest common divisor of 455 and p?
35
Suppose 2*f - 22 + 4 = 2*t, -2*f = 3*t - 33. Let d = -54 - -78. Calculate the highest common divisor of f and d.
12
Let l = 99 - 16. Calculate the highest common factor of l and 2407.
83
Let r be (-3)/(4/(-8)*2). Suppose 3*t = -p + 67, r*t + 2 = -5*p + 49. Calculate the highest common factor of 84 and t.
12
Suppose 3 = 8*t - 13. Suppose -46 = -t*v + v. What is the greatest common divisor of 23 and v?
23
Let u be (11/(-2))/((-11)/22). Let j = 23 - u. Suppose -23 = -5*p + j. What is the highest common divisor of 28 and p?
7
Suppose -5*f = 3*d - 19, -6 = -0*d - 2*d. Let j be (f*-1)/((-11)/154). What is the greatest common divisor of j and 280?
28
Let b(z) = -2*z + 14. Let u be b(9). Let q be -7*8 - u/(-4). Let y be 27/(-18) - q/2. What is the greatest common factor of 27 and y?
27
Let f be (((-138)/(-10))/((-2)/(-30)))/1. Calculate the greatest common factor of 18 and f.
9
Suppose 338 = 19*a - 194. Let q = a + 62. Let m(b) = 11*b**2 + b. Let l be m(-1). Calculate the highest common factor of q and l.
10
Suppose 29 = 3*i - 7. Suppose -9 = 3*d - 0*d. Let n be (-1)/(d/37) - 1/3. What is the highest common divisor of i and n?
12
Suppose 12*g - 17*g - 3*a = -171, -5*a = g - 21. Let h be 2*3/6 - -23. What is the highest common factor of h and g?
12
Let w = 18 - 0. Suppose -2 - 4 = 3*s, g + 216 = s. Let j = g - -308. What is the highest common divisor of j and w?
18
Let q be (30/4*-5)/((-192)/384). What is the highest common divisor of 125 and q?
25
Let k be -1*(-1)/2*6 - 68. Let b be k/(-7) + (-14)/49. What is the highest common factor of 72 and b?
9
Suppose 13*l = 35 - 22. Let x be 3*-2*6/(-4). Let k = l + x. What is the greatest common factor of k and 10?
10
Suppose 0*v - n - 52 = -2*v, v - 5*n - 8 = 0. Suppose -3*g - 3*x + 222 = -0*x, 5*g - 370 = x. Let b = g + -46. What is the greatest common divisor of b and v?
28
Suppose -240 = -3*b + b + 2*o, 0 = -3*o. Calculate the highest common divisor of b and 36.
12
Let r = 2 + 0. Suppose 4*g = -5*y - 31, -g = -y - r*g - 6. Let b = y - -21. Calculate the highest common divisor of 2 and b.
2
Let s be (8/(-12))/2*(-12 + 6). What is the greatest common divisor of s and 254?
2
Let g(l) = 4 - 9*l**2 - 10*l + 11 + 13*l**2. Let f be g(5). What is the highest common factor of f and 26?
13
Suppose -4*g + 1346 = 158. Calculate the highest common divisor of 165 and g.
33
Let b = 66 + -9. Suppose -40 = -6*p + 242. Suppose k - b - p = 0. Calculate the highest common divisor of 13 and k.
13
Let b = 44 + -21. Let c be 1*(1 + -2 + 5). Suppose 4*t = 4*w - 108, c = w - 5*t - 39. What is the highest common divisor of w and b?
23
Suppose 4*s = 157*u - 152*u - 284, 4*s = u - 60. Calculate the highest common factor of 256 and u.
8
Let v(b) = b**3 + 6*b**2 + b + 11. Let f be v(-6). Suppose 57 = 2*d + 3*q, -2*d = d - f*q - 95. Calculate the greatest common divisor of 45 and d.
15
Suppose -4*c + 5*o + 53 = -2*c, -c + 34 = -5*o. Let b be (39 - 1)/(4/16). Calculate the greatest common factor of c and b.
19
Let t = 20 - 18. Suppose -4*x + 16 = -4*z, -22 = 5*x - t. Let u be (-578)/z - 3/12. What is the greatest common divisor of 18 and u?
18
Suppose -11*h + 144 = -9*h. Calculate the greatest common factor of 756 and h.
36
Suppose 3*q - q - 109 = c, -q + 77 = 4*c. Let v(i) = -18*i**3 + 2*i**2 + 3*i + 2. Let b be v(-1). Calculate the greatest common factor of q and b.
19
Let n(h) = 2*h**3 - 3*h**2 + 4*h + 1. Let k be (-14 - 0) + 2 - -1. Let s = 14 + k. Let b be n(s). Calculate the highest common factor of 10 and b.
10
Let u(p) be the third derivative of p**5/60 - p**4/12 + 5*p**3/3 + 18*p**2. Let s be u(5). Calculate the greatest common factor of 5 and s.
5
Let i(w) = -w**2 - 15*w + 24. Let m be i(-17). Let f be m/(-1) - (4 - 8). Suppose -3*n + 38 = f. What is the greatest common factor of 16 and n?
8
Suppose -8*m + 4*m + 48 = 0. Let j be 18*(4/(-6))/(-1). What is the greatest common factor of m and j?
12
Suppose -2*q + 4*g = 2*g - 18, 5*g - 5 = 0. Calculate the greatest common factor of q and 320.
10
Suppose -w = 10 - 31. Calculate the greatest common factor of w and 28.
7
Let k = -1229 - -1427. What is the greatest common divisor of k and 18?
18
Suppose -v = 9 - 63. What is the greatest common divisor of v and 24?
6
Suppose 5*x = 19 + 76. Suppose -3*z - 1 + x = 0. Let a(m) = m**3 - 3*m + 2. Let n be a(2). Calculate the greatest common divisor of n and z.
2
Let a(m) = 6*m + 51. Let z be a(-8). Calculate the greatest common divisor of z and 65.
1
Let i(a) = -2*a**2 - 12 + a**2 - 8*a - 4*a. Suppose n = 4*n - 3*f + 33, -n + 2*f - 13 = 0. Let j be i(n). Calculate the highest common factor of j and 75.
15
Let u = -208 - -218. Let p = 13 - 19. Let a = 4 - p. Calculate the highest common factor of u and a.
10
Let p(d) = 2*d**2 - 3*d - 6. Let k be (18/21)/(7/49). Let z be p(k). What is the greatest common divisor of 32 and z?
16
Let y(u) be the third derivative of -u**4 + 14*u**2. Let c be (-1 + 2)*(0 - 1). Let w be y(c). Calculate the greatest common factor of w and 16.
8
Let r = -368 + 483. What is the highest common divisor of r and 437?
23
Suppose 29*i = 30*i - 3*v - 640, -5*i - 2*v = -3234. Calculate the highest common divisor of 68 and i.
34
Let x be (-27)/(2/(5*-2)). Suppose -4*d = -u + 6*u - x, 0 = -5*d - u + 153. Calculate the greatest common divisor of d and 20.
10
Let d be 9 + -9 - (1 - 4). Let v(g) = g**3 + 2*g - 5. Let r be v(d). What is the greatest common divisor of 28 and r?
28
Suppose 5*c + 499 = -18*g + 20*g, 4*g + c = 943. Calculate the greatest common factor of g and 3.
3
Let n be (-3)/4*(-420)/45. Calculate the highest common divisor of 7 and n.
7
Suppose -2*t - 16 - 225 = -5*v, -256 = 2*t - 2*v. Suppose 0 = -4*b - 318 + 74. Let a = b - t. What is the highest common divisor of 9 and a?
9
Let u = 2 - 0. Suppose -1 + 5 = 3*q - 2*f, 2*q = -u*f + 6. Suppose -4*v - q + 6 = 0. Calculate the greatest common divisor of 8 and v.
1
Suppose 0 = 4*f - 389 - 247. What is the greatest common divisor of 3 and f?
3
Let y be 493 + 10*(-5)/(-25). Calculate the greatest common divisor of y and 45.
45
Suppose 5*a - 42 - 73 = 5*n, -3*a - 3*n = -39. Calculate the greatest common factor of a and 78.
6
Let l(r) be the first derivative of -8/3*r**3 + 4*r + 9/2*r**2 + 1/4*r**4 - 2. Let o be l(7). What is the highest common divisor of o and 90?
18
Let l = -117 - -197. Suppose 1070 = 5*w + l. Calculate the highest common factor of 22 and w.
22
Let w be 0 + 2 + 2/(-2). Suppose -10 = -9*n - n. Let r be n/8 - 234/(-48). What is the highest common divisor of w and r?
1
Suppose 0 = 12*r - 18 - 318. Calculate the greatest common divisor of r and 91.
7
Suppose 